{"id":329,"date":"2023-05-02T14:34:31","date_gmt":"2023-05-02T12:34:31","guid":{"rendered":"https:\/\/lundqvist-it.se\/?page_id=329"},"modified":"2026-01-09T16:50:26","modified_gmt":"2026-01-09T15:50:26","slug":"colibri-wp","status":"publish","type":"page","link":"https:\/\/lundqvist-it.se\/","title":{"rendered":"Hem"},"content":{"rendered":"<div data-colibri-id=\"329-c1\" class=\"style-190 style-local-329-c1 position-relative\">\n  <!---->\n  <div data-colibri-component=\"section\" data-colibri-id=\"329-c2\" id=\"overlappable\" class=\"h-section h-section-global-spacing d-flex align-items-lg-center align-items-md-center align-items-center style-191 style-local-329-c2 position-relative\">\n    <!---->\n    <!---->\n    <div class=\"h-section-grid-container h-section-boxed-container\">\n      <!---->\n      <div data-colibri-id=\"329-c3\" class=\"h-row-container gutters-row-lg-2 gutters-row-md-2 gutters-row-0 gutters-row-v-lg-2 gutters-row-v-md-2 gutters-row-v-2 style-385 style-local-329-c3 position-relative\">\n        <!---->\n        <div class=\"h-row justify-content-lg-center justify-content-md-center justify-content-center align-items-lg-stretch align-items-md-stretch align-items-stretch gutters-col-lg-2 gutters-col-md-2 gutters-col-0 gutters-col-v-lg-2 gutters-col-v-md-2 gutters-col-v-2\">\n          <!---->\n          <div class=\"h-column h-column-container d-flex h-col-lg-auto h-col-md-auto h-col-auto style-386-outer style-local-329-c4-outer\">\n            <div data-colibri-id=\"329-c4\" class=\"d-flex h-flex-basis h-column__inner h-ui-empty-state-container h-px-lg-2 h-px-md-2 h-px-2 v-inner-lg-2 v-inner-md-2 v-inner-2 style-386 style-local-329-c4 position-relative\">\n              <!---->\n              <!---->\n              <div class=\"w-100 h-y-container h-column__content h-column__v-align flex-basis-100\">\n                <!---->\n              <\/div>\n            <\/div>\n          <\/div>\n        <\/div>\n      <\/div>\n      <div data-colibri-id=\"329-c5\" class=\"h-row-container gutters-row-lg-0 gutters-row-md-0 gutters-row-2 gutters-row-v-lg-0 gutters-row-v-md-0 gutters-row-v-2 style-192 style-local-329-c5 position-relative\">\n        <!---->\n        <div class=\"h-row justify-content-lg-start justify-content-md-start justify-content-start align-items-lg-stretch align-items-md-stretch align-items-stretch gutters-col-lg-0 gutters-col-md-0 gutters-col-2 gutters-col-v-lg-0 gutters-col-v-md-0 gutters-col-v-2\">\n          <!---->\n          <div class=\"h-column h-column-container d-flex h-col-lg-4 h-col-md-4 h-col-12 style-193-outer style-local-329-c6-outer\">\n            <div data-colibri-id=\"329-c6\" class=\"d-flex h-flex-basis h-column__inner h-px-lg-3 h-px-md-3 h-px-2 v-inner-lg-3 v-inner-md-3 v-inner-2 style-193 style-local-329-c6 position-relative\">\n              <!---->\n              <!---->\n              <div class=\"w-100 h-y-container h-column__content h-column__v-align flex-basis-100 align-self-lg-start align-self-md-start align-self-start\">\n                <!---->\n                <div data-colibri-id=\"329-c7\" class=\"h-icon style-194 style-local-329-c7 position-relative h-element\">\n                  <!----><span class=\"h-svg-icon h-icon__icon style-194-icon style-local-329-c7-icon\"><!--Icon by Font Awesome (https:\/\/fontawesome.com)-->\n    <svg version=\"1.1\" xmlns=\"http:\/\/www.w3.org\/2000\/svg\" xmlns:xlink=\"http:\/\/www.w3.org\/1999\/xlink\" id=\"heart\" viewBox=\"0 0 1792 1896.0833\">\n      <path d=\"M896 1664q-26 0-44-18l-624-602q-10-8-27.5-26T145 952.5 77 855 23.5 734 0 596q0-220 127-344t351-124q62 0 126.5 21.5t120 58T820 276t76 68q36-36 76-68t95.5-68.5 120-58T1314 128q224 0 351 124t127 344q0 221-229 450l-623 600q-18 18-44 18z\"><\/path>\n    <\/svg><\/span><\/div>\n                <div data-colibri-id=\"329-c8\" class=\"h-global-transition-all h-heading style-195 style-local-329-c8 position-relative h-element\">\n                  <!---->\n                  <div class=\"h-heading__outer style-195 style-local-329-c8\">\n                    <!---->\n                    <!---->\n                    <h5 class=\"\">Problem?<\/h5>\n                  <\/div>\n                <\/div>\n                <div data-colibri-id=\"329-c9\" class=\"h-lead h-text h-text-component style-196 style-local-329-c9 position-relative h-element\">\n                  <!---->\n                  <!---->\n                  <div class=\"\">\n                    <p>Lundqvist IT \u00e4lskar problem!&nbsp;\n                      <br>\n                    <\/p>\n                  <\/div>\n                <\/div>\n              <\/div>\n            <\/div>\n          <\/div>\n          <div class=\"h-column h-column-container d-flex h-col-lg-4 h-col-md-4 h-col-12 style-193-outer style-local-329-c10-outer\">\n            <div data-colibri-id=\"329-c10\" class=\"d-flex h-flex-basis h-column__inner h-px-lg-3 h-px-md-3 h-px-2 v-inner-lg-3 v-inner-md-3 v-inner-2 style-193 style-local-329-c10 position-relative\">\n              <!---->\n              <!---->\n              <div class=\"w-100 h-y-container h-column__content h-column__v-align flex-basis-100 align-self-lg-start align-self-md-start align-self-start\">\n                <!---->\n                <div data-colibri-id=\"329-c11\" class=\"h-icon style-194 style-local-329-c11 position-relative h-element\">\n                  <!----><span class=\"h-svg-icon h-icon__icon style-194-icon style-local-329-c11-icon\"><!--Icon by Font Awesome (https:\/\/fontawesome.com)-->\n    <svg version=\"1.1\" xmlns=\"http:\/\/www.w3.org\/2000\/svg\" xmlns:xlink=\"http:\/\/www.w3.org\/1999\/xlink\" id=\"desktop\" viewBox=\"0 0 1920 1896.0833\">\n      <path d=\"M1792 992V160q0-13-9.5-22.5T1760 128H160q-13 0-22.5 9.5T128 160v832q0 13 9.5 22.5t22.5 9.5h1600q13 0 22.5-9.5t9.5-22.5zm128-832v1088q0 66-47 113t-113 47h-544q0 37 16 77.5t32 71 16 43.5q0 26-19 45t-45 19H704q-26 0-45-19t-19-45q0-14 16-44t32-70 16-78H160q-66 0-113-47T0 1248V160Q0 94 47 47T160 0h1600q66 0 113 47t47 113z\"><\/path>\n    <\/svg><\/span><\/div>\n                <div data-colibri-id=\"329-c12\" class=\"h-global-transition-all h-heading style-195 style-local-329-c12 position-relative h-element\">\n                  <!---->\n                  <div class=\"h-heading__outer style-195 style-local-329-c12\">\n                    <!---->\n                    <!---->\n                    <h5 class=\"\">Hemma hos dig<\/h5>\n                  <\/div>\n                <\/div>\n                <div data-colibri-id=\"329-c13\" class=\"h-lead h-text h-text-component style-196 style-local-329-c13 position-relative h-element\">\n                  <!---->\n                  <!---->\n                  <div class=\"\">\n                    <p>F\u00f6r att l\u00f6sa problemen p\u00e5 riktigt s\u00e5 kommer jag hem till dig f\u00f6r l\u00f6sning p\u00e5 plats.&nbsp;<\/p>\n                  <\/div>\n                <\/div>\n              <\/div>\n            <\/div>\n          <\/div>\n          <div class=\"h-column h-column-container d-flex h-col-lg-4 h-col-md-4 h-col-12 style-193-outer style-local-329-c14-outer\">\n            <div data-colibri-id=\"329-c14\" class=\"d-flex h-flex-basis h-column__inner h-px-lg-3 h-px-md-3 h-px-2 v-inner-lg-3 v-inner-md-3 v-inner-2 style-193 style-local-329-c14 position-relative\">\n              <!---->\n              <!---->\n              <div class=\"w-100 h-y-container h-column__content h-column__v-align flex-basis-100 align-self-lg-start align-self-md-start align-self-start\">\n                <!---->\n                <div data-colibri-id=\"329-c15\" class=\"h-icon style-194 style-local-329-c15 position-relative h-element\">\n                  <!----><span class=\"h-svg-icon h-icon__icon style-194-icon style-local-329-c15-icon\"><!--Icon by Font Awesome (https:\/\/fontawesome.com)-->\n    <svg version=\"1.1\" xmlns=\"http:\/\/www.w3.org\/2000\/svg\" xmlns:xlink=\"http:\/\/www.w3.org\/1999\/xlink\" id=\"bicycle\" viewBox=\"0 0 2304 1896.0833\">\n      <path d=\"M762 1152H448q-40 0-57.5-35t6.5-67l188-251q-65-31-137-31-132 0-226 94t-94 226 94 226 226 94q115 0 203-72.5T762 1152zm-186-128h186q-18-85-75-148zm480 0l288-384H864l-99 132q105 103 126 252h165zm1120 64q0-132-94-226t-226-94q-60 0-121 24l174 260q15 23 10 49t-27 40q-15 11-36 11-35 0-53-29l-174-260q-93 95-93 225 0 132 94 226t226 94 226-94 94-226zm128 0q0 185-131.5 316.5T1856 1536t-316.5-131.5T1408 1088q0-97 39.5-183.5T1557 755l-65-98-353 469q-18 26-51 26H891q-23 164-149 274t-294 110q-185 0-316.5-131.5T0 1088t131.5-316.5T448 640q114 0 215 55l137-183H576q-26 0-45-19t-19-45 19-45 45-19h384v128h435l-85-128h-222q-26 0-45-19t-19-45 19-45 45-19h256q33 0 53 28l267 400q91-44 192-44 185 0 316.5 131.5T2304 1088z\"><\/path>\n    <\/svg><\/span><\/div>\n                <div data-colibri-id=\"329-c16\" class=\"h-global-transition-all h-heading style-195 style-local-329-c16 position-relative h-element\">\n                  <!---->\n                  <div class=\"h-heading__outer style-195 style-local-329-c16\">\n                    <!---->\n                    <!---->\n                    <h5 class=\"\">560 kr\n                      <br>\n                    <\/h5>\n                  <\/div>\n                <\/div>\n                <div data-colibri-id=\"329-c17\" class=\"h-lead h-text h-text-component style-196 style-local-329-c17 position-relative h-element\">\n                  <!---->\n                  <!---->\n                  <div class=\"\">\n                    <p><span style=\"color: rgb(37, 41, 42); font-family: Open Sans; font-size: 20px; font-weight: 300;\">Ingen bilkostnad ger l\u00e5ga priser och t<\/span>ack vare RUT-avdraget kostar ett hembes\u00f6k 560 kr ist\u00e4llet f\u00f6r 1120 kr.&nbsp;\n                      <br>\n                      <br>\n                    <\/p>\n                  <\/div>\n                <\/div>\n              <\/div>\n            <\/div>\n          <\/div>\n        <\/div>\n      <\/div>\n    <\/div>\n  <\/div>\n  <div data-colibri-component=\"section\" data-colibri-id=\"329-c18\" id=\"about\" class=\"h-section h-section-global-spacing d-flex align-items-lg-center align-items-md-center align-items-center style-198 style-local-329-c18 position-relative\">\n    <!---->\n    <!---->\n    <div class=\"h-section-grid-container h-section-boxed-container\">\n      <!---->\n      <div data-colibri-id=\"329-c19\" class=\"h-row-container gutters-row-lg-0 gutters-row-md-0 gutters-row-0 gutters-row-v-lg-0 gutters-row-v-md-0 gutters-row-v-0 style-199 style-local-329-c19 position-relative\">\n        <!---->\n        <div class=\"h-row justify-content-lg-center justify-content-md-center justify-content-center align-items-lg-stretch align-items-md-stretch align-items-stretch gutters-col-lg-0 gutters-col-md-0 gutters-col-0 gutters-col-v-lg-0 gutters-col-v-md-0 gutters-col-v-0\">\n          <!---->\n          <div class=\"h-column h-column-container d-flex h-col-lg-auto h-col-md-auto h-col-auto style-200-outer style-local-329-c20-outer\">\n            <div data-colibri-id=\"329-c20\" class=\"d-flex h-flex-basis h-column__inner h-px-lg-0 h-px-md-0 h-px-0 v-inner-lg-0 v-inner-md-0 v-inner-0 style-200 style-local-329-c20 position-relative\">\n              <!---->\n              <!---->\n              <div class=\"w-100 h-y-container h-column__content h-column__v-align flex-basis-100 align-self-lg-start align-self-md-start align-self-start\">\n                <!---->\n                <div data-colibri-id=\"329-c21\" class=\"h-global-transition-all h-heading style-201 style-local-329-c21 position-relative h-element\">\n                  <!---->\n                  <div class=\"h-heading__outer style-201 style-local-329-c21\">\n                    <!---->\n                    <!---->\n                    <h5 class=\"\">Om Lundqvist IT<\/h5>\n                  <\/div>\n                <\/div>\n                <div data-colibri-id=\"329-c22\" class=\"h-global-transition-all h-heading style-202 style-local-329-c22 position-relative h-element\">\n                  <!---->\n                  <div class=\"h-heading__outer style-202 style-local-329-c22\">\n                    <!---->\n                    <!---->\n                    <h2 class=\"\">Cyklande IT-hj\u00e4lp.<\/h2>\n                  <\/div>\n                <\/div>\n                <div data-colibri-id=\"329-c23\" class=\"h-text h-text-component style-203 style-local-329-c23 position-relative h-element\">\n                  <!---->\n                  <!---->\n                  <div class=\"\">\n                    <p>Med min utg\u00e5ngspunkt i Brottsta n\u00e5r jag majoriteten av Eskilstunabor p\u00e5 under 15 minuter. Att motion \u00e4r viktigt f\u00f6r probleml\u00f6sning har visat sig v\u00e4ldigt tydligt. Dessutom slipper jag f\u00f6ra \u00f6ver dyra bilkostnader p\u00e5 kunder.<\/p>\n                  <\/div>\n                <\/div>\n              <\/div>\n            <\/div>\n          <\/div>\n          <div class=\"h-column h-column-container d-flex h-col-lg-auto h-col-md-auto h-col-auto style-204-outer style-local-329-c24-outer\">\n            <div data-colibri-id=\"329-c24\" class=\"d-flex h-flex-basis h-column__inner h-ui-empty-state-container h-px-lg-2 h-px-md-2 h-px-2 v-inner-lg-2 v-inner-md-2 v-inner-2 style-204 style-local-329-c24 position-relative\">\n              <!---->\n              <!---->\n              <div class=\"w-100 h-y-container h-column__content h-column__v-align flex-basis-100\">\n                <!---->\n              <\/div>\n            <\/div>\n          <\/div>\n        <\/div>\n      <\/div>\n    <\/div>\n  <\/div>\n  <div data-colibri-component=\"section\" data-colibri-id=\"329-c25\" id=\"content\" class=\"h-section h-section-global-spacing d-flex align-items-lg-center align-items-md-center align-items-center style-399 style-local-329-c25 h-overflow-hidden position-relative\">\n    <!---->\n    <!---->\n    <div class=\"h-section-grid-container h-section-boxed-container\">\n      <!---->\n      <div data-colibri-id=\"329-c26\" class=\"h-row-container gutters-row-lg-0 gutters-row-md-0 gutters-row-2 gutters-row-v-lg-0 gutters-row-v-md-0 gutters-row-v-2 style-400 style-local-329-c26 position-relative\">\n        <!---->\n        <div class=\"h-row justify-content-lg-center justify-content-md-center justify-content-center align-items-lg-stretch align-items-md-stretch align-items-stretch gutters-col-lg-0 gutters-col-md-0 gutters-col-2 gutters-col-v-lg-0 gutters-col-v-md-0 gutters-col-v-2\">\n          <!---->\n          <div class=\"h-column h-column-container d-flex h-col-lg-6 h-col-md-6 h-col-12 style-401-outer style-local-329-c27-outer\">\n            <div data-colibri-id=\"329-c27\" class=\"d-flex h-flex-basis h-column__inner h-ui-empty-state-container h-px-lg-0 h-px-md-0 h-px-0 v-inner-lg-0 v-inner-md-0 v-inner-0 style-401 style-local-329-c27 position-relative\">\n              <!---->\n              <!---->\n              <div class=\"w-100 h-y-container h-column__content h-column__v-align flex-basis-100\">\n                <!---->\n              <\/div>\n            <\/div>\n          <\/div>\n          <div class=\"h-column h-column-container d-flex h-col-lg-6 h-col-md-6 h-col-12 style-402-outer style-local-329-c28-outer\">\n            <div data-colibri-id=\"329-c28\" class=\"d-flex h-flex-basis h-column__inner h-px-lg-0 h-px-md-0 h-px-0 v-inner-lg-0 v-inner-md-0 v-inner-0 style-402 style-local-329-c28 position-relative\">\n              <!---->\n              <!---->\n              <div class=\"w-100 h-y-container h-column__content h-column__v-align flex-basis-100 align-self-lg-start align-self-md-start align-self-start\">\n                <!---->\n                <div data-colibri-id=\"329-c29\" class=\"h-global-transition-all h-heading style-403 style-local-329-c29 position-relative h-element\">\n                  <!---->\n                  <div class=\"h-heading__outer style-403 style-local-329-c29\">\n                    <!---->\n                    <!---->\n                    <h4 class=\"\">lUNDQVIST it<\/h4>\n                  <\/div>\n                <\/div>\n                <div data-colibri-id=\"329-c30\" class=\"h-global-transition-all h-heading style-404 style-local-329-c30 position-relative h-element\">\n                  <!---->\n                  <div class=\"h-heading__outer style-404 style-local-329-c30\">\n                    <!---->\n                    <!---->\n                    <h2 class=\"\">Kort om Niklas<\/h2>\n                  <\/div>\n                <\/div>\n                <div data-colibri-id=\"329-c31\" class=\"h-text h-text-component style-405 style-local-329-c31 position-relative h-element\">\n                  <!---->\n                  <!---->\n                  <div class=\"\">\n                    <p>Det \u00e4r jag som \u00e4r Lundqvist IT, och jag ser fram emot att hj\u00e4lpa dig med dina teknikproblem.<\/p>\n                  <\/div>\n                <\/div>\n                <div data-colibri-id=\"329-c32\" class=\"h-row-container gutters-row-lg-2 gutters-row-md-2 gutters-row-0 gutters-row-v-lg-2 gutters-row-v-md-2 gutters-row-v-0 style-406 style-local-329-c32 position-relative\">\n                  <!---->\n                  <div class=\"h-row justify-content-lg-center justify-content-md-center justify-content-center align-items-lg-stretch align-items-md-stretch align-items-stretch gutters-col-lg-2 gutters-col-md-2 gutters-col-0 gutters-col-v-lg-2 gutters-col-v-md-2 gutters-col-v-0\">\n                    <!---->\n                    <div class=\"h-column h-column-container d-flex h-col-lg-6 h-col-md-6 h-col-12 style-407-outer style-local-329-c33-outer\">\n                      <div data-colibri-id=\"329-c33\" class=\"d-flex h-flex-basis h-column__inner h-px-lg-0 h-px-md-0 h-px-2 v-inner-lg-0 v-inner-md-0 v-inner-2 style-407 style-local-329-c33 position-relative\">\n                        <!---->\n                        <!---->\n                        <div class=\"w-100 h-y-container h-column__content h-column__v-align flex-basis-100 align-self-lg-start align-self-md-start align-self-start\">\n                          <!---->\n                          <div data-colibri-id=\"329-c34\" class=\"h-global-transition-all h-heading style-408 style-local-329-c34 position-relative h-element\">\n                            <!---->\n                            <div class=\"h-heading__outer style-408 style-local-329-c34\">\n                              <!---->\n                              <!---->\n                              <h5 class=\"\">Teknikhj\u00e4lp sedan 2016<\/h5>\n                            <\/div>\n                          <\/div>\n                          <div data-colibri-id=\"329-c35\" class=\"h-text h-text-component style-409 style-local-329-c35 position-relative h-element\">\n                            <!---->\n                            <!---->\n                            <div class=\"\">\n                              <p>Jag har drivit Lundqvist IT sedan 2016, f\u00f6rst som extrajobb vid sidan av annat arbete, men sedan 2023 som min huvudsakliga syssels\u00e4ttning. Mitt m\u00e5l \u00e4r att erbjuda personlig, p\u00e5litlig och professionell IT-support f\u00f6r b\u00e5de\n                                privatpersoner och f\u00f6retag.<\/p>\n                            <\/div>\n                          <\/div>\n                        <\/div>\n                      <\/div>\n                    <\/div>\n                    <div class=\"h-column h-column-container d-flex h-col-lg-6 h-col-md-6 h-col-12 style-407-outer style-local-329-c36-outer\">\n                      <div data-colibri-id=\"329-c36\" class=\"d-flex h-flex-basis h-column__inner h-px-lg-0 h-px-md-0 h-px-2 v-inner-lg-0 v-inner-md-0 v-inner-2 style-407 style-local-329-c36 position-relative\">\n                        <!---->\n                        <!---->\n                        <div class=\"w-100 h-y-container h-column__content h-column__v-align flex-basis-100 align-self-lg-start align-self-md-start align-self-start\">\n                          <!---->\n                          <div data-colibri-id=\"329-c37\" class=\"h-global-transition-all h-heading style-408 style-local-329-c37 position-relative h-element\">\n                            <!---->\n                            <div class=\"h-heading__outer style-408 style-local-329-c37\">\n                              <!---->\n                              <!---->\n                              <h5 class=\"\">eskilstuna makerspace<\/h5>\n                            <\/div>\n                          <\/div>\n                          <div data-colibri-id=\"329-c38\" class=\"h-text h-text-component style-409 style-local-329-c38 position-relative h-element\">\n                            <!---->\n                            <!---->\n                            <div class=\"\">\n                              <p>Jag bor i ett kedjehus p\u00e5 Sadelmakarv\u00e4gen 25 i Brottsta tillsammans med min sambo och v\u00e5ra tv\u00e5 barn. N\u00e4r jag inte l\u00f6ser IT-problem tycker jag om att spendera tid med familjen, l\u00e4ra mig om ny teknik och engagera mig i lokalsamh\u00e4llet.\n                                En stor del av min tid \u00e4gnas ocks\u00e5 \u00e5t att utveckla Eskilstuna Makerspace, en kreativ m\u00f6tesplats d\u00e4r m\u00e4nniskor kan utforska teknik, hantverk och innovation tillsammans.<\/p>\n                            <\/div>\n                          <\/div>\n                        <\/div>\n                      <\/div>\n                    <\/div>\n                    <div class=\"h-column h-column-container d-flex h-col-lg-6 h-col-md-6 h-col-12 style-407-outer style-local-329-c39-outer\">\n                      <div data-colibri-id=\"329-c39\" class=\"d-flex h-flex-basis h-column__inner h-px-lg-0 h-px-md-0 h-px-2 v-inner-lg-0 v-inner-md-0 v-inner-2 style-407 style-local-329-c39 position-relative\">\n                        <!---->\n                        <!---->\n                        <div class=\"w-100 h-y-container h-column__content h-column__v-align flex-basis-100 align-self-lg-start align-self-md-start align-self-start\">\n                          <!---->\n                          <div data-colibri-id=\"329-c40\" class=\"h-global-transition-all h-heading style-408 style-local-329-c40 position-relative h-element\">\n                            <!---->\n                            <div class=\"h-heading__outer style-408 style-local-329-c40\">\n                              <!---->\n                              <!---->\n                              <h5 class=\"\">cykling<\/h5>\n                            <\/div>\n                          <\/div>\n                          <div data-colibri-id=\"329-c41\" class=\"h-text h-text-component style-409 style-local-329-c41 position-relative h-element\">\n                            <!---->\n                            <!---->\n                            <div class=\"\">\n                              <p>Som en cyklande teknikhj\u00e4lp ser jag m\u00e5nga f\u00f6rdelar med att anv\u00e4nda cykeln b\u00e5de f\u00f6r arbete och vardags\u00e4renden. Cykling \u00e4r inte bara ett h\u00e5llbart och snabbt s\u00e4tt att ta sig fram, utan det bidrar ocks\u00e5 till ett h\u00e4lsosammare\n                                och mer levande Eskilstuna. Jag hoppas kunna inspirera fler att v\u00e4lja cykeln \u2013 b\u00e5de som transportmedel och livsstil.<\/p>\n                            <\/div>\n                          <\/div>\n                        <\/div>\n                      <\/div>\n                    <\/div>\n                    <div class=\"h-column h-column-container d-flex h-col-lg-6 h-col-md-6 h-col-12 style-407-outer style-local-329-c42-outer\">\n                      <div data-colibri-id=\"329-c42\" class=\"d-flex h-flex-basis h-column__inner h-px-lg-0 h-px-md-0 h-px-2 v-inner-lg-0 v-inner-md-0 v-inner-2 style-407 style-local-329-c42 position-relative\">\n                        <!---->\n                        <!---->\n                        <div class=\"w-100 h-y-container h-column__content h-column__v-align flex-basis-100 align-self-lg-start align-self-md-start align-self-start\">\n                          <!---->\n                          <div data-colibri-id=\"329-c43\" class=\"h-global-transition-all h-heading style-408 style-local-329-c43 position-relative h-element\">\n                            <!---->\n                            <div class=\"h-heading__outer style-408 style-local-329-c43\">\n                              <!---->\n                              <!---->\n                              <h5 class=\"\">problem?<\/h5>\n                            <\/div>\n                          <\/div>\n                          <div data-colibri-id=\"329-c44\" class=\"h-text h-text-component style-409 style-local-329-c44 position-relative h-element\">\n                            <!---->\n                            <!---->\n                            <div class=\"\">\n                              <p>Har du ett teknikproblem eller en id\u00e9 du vill f\u00f6rverkliga? Tveka inte att h\u00f6ra av dig \u2013 jag \u00e4r h\u00e4r f\u00f6r att hj\u00e4lpa!<\/p>\n                            <\/div>\n                          <\/div>\n                        <\/div>\n                      <\/div>\n                    <\/div>\n                  <\/div>\n                <\/div>\n              <\/div>\n            <\/div>\n          <\/div>\n        <\/div>\n      <\/div>\n    <\/div>\n  <\/div>\n<\/div>","protected":false},"excerpt":{"rendered":"<p>Problem? Lundqvist IT \u00e4lskar problem!&nbsp; Hemma hos dig F\u00f6r att l\u00f6sa problemen p\u00e5 riktigt s\u00e5 kommer jag hem till dig f\u00f6r l\u00f6sning p\u00e5 plats.&nbsp; 560 kr Ingen bilkostnad ger l\u00e5ga priser och tack vare RUT-avdraget kostar ett hembes\u00f6k 560 kr ist\u00e4llet f\u00f6r 1120 kr.&nbsp; Om Lundqvist IT Cyklande IT-hj\u00e4lp. Med min utg\u00e5ngspunkt i Brottsta n\u00e5r [&hellip;]<\/p>\n","protected":false},"author":1,"featured_media":0,"parent":0,"menu_order":0,"comment_status":"closed","ping_status":"closed","template":"page-templates\/homepage.php","meta":{"footnotes":""},"class_list":["post-329","page","type-page","status-publish","hentry"],"_links":{"self":[{"href":"https:\/\/lundqvist-it.se\/index.php?rest_route=\/wp\/v2\/pages\/329","targetHints":{"allow":["GET"]}}],"collection":[{"href":"https:\/\/lundqvist-it.se\/index.php?rest_route=\/wp\/v2\/pages"}],"about":[{"href":"https:\/\/lundqvist-it.se\/index.php?rest_route=\/wp\/v2\/types\/page"}],"author":[{"embeddable":true,"href":"https:\/\/lundqvist-it.se\/index.php?rest_route=\/wp\/v2\/users\/1"}],"replies":[{"embeddable":true,"href":"https:\/\/lundqvist-it.se\/index.php?rest_route=%2Fwp%2Fv2%2Fcomments&post=329"}],"version-history":[{"count":20,"href":"https:\/\/lundqvist-it.se\/index.php?rest_route=\/wp\/v2\/pages\/329\/revisions"}],"predecessor-version":[{"id":553,"href":"https:\/\/lundqvist-it.se\/index.php?rest_route=\/wp\/v2\/pages\/329\/revisions\/553"}],"wp:attachment":[{"href":"https:\/\/lundqvist-it.se\/index.php?rest_route=%2Fwp%2Fv2%2Fmedia&parent=329"}],"curies":[{"name":"wp","href":"https:\/\/api.w.org\/{rel}","templated":true}]}}